is (-11 + -3 - -3) + -7 + 3 + 5?
-10
Calculate -4 + -1 + 37 + -59 + 4.
-23
What is the value of -1 + -5 + (-3 - -6) + 1 - -6?
4
-7 - (-4 + -1) - (47 + -31)
-18
What is the value of 6 - -2 - 2 - ((-48 - -20) + 40)?
-6
Calculate 5 - (23 + -7) - -11.
0
Evaluate 36 - 21 - 7 - 22.
-14
What is the value of (-5 - (0 + -1)) + (116 - 120)?
-8
What is the value of -25 - (40 - 108) - 30?
13
Evaluate (1 - (5 - 0)) + -8 + 6 + 21.
15
-10 - ((-24 - 1 - -6) + 6)
3
Evaluate -5 + (45 + -45 - (3 - (-2 + 3))).
-7
Calculate -1 + 0 - ((-8 + 6 - -7) + -11).
5
(2 - -14 - (13 - (3 - -16))) + -3
19
What is the value of 0 - -9 - (14 + -8 - (3 - -3))?
9
Calculate -1 - (8 + (1 - (-3 + 5))).
-8
What is -21 - (-28 + -5) - -15 - -1?
28
12 + (-1 - (21 + -12)) + -12 - -6
-4
Evaluate (-3 - 2) + 1 - (3 + (3 - 1)).
-9
What is the value of -16 + 4 + (10 - 6)?
-8
Calculate -4 + -2 + 40 + -105 + 50.
-21
What is the value of 8 + (7 - (3 - -1)) - (4 + -5)?
12
Calculate (2 + -1 + 1 - -6) + 2 + -6.
4
What is -8 + -8 + -4 - -14?
-6
(-8 + 18 + 0 - 14) + (-9 - -2)
-11
What is the value of 2 + -17 + 11 + 4?
0
What is -66 + 58 - ((-3 - -2) + -9) - 9?
-7
-2 + (-11 + 1 + -2 - -7)
-7
-8 + 16 + -14 + 6
0
What is the value of -1 + -8 - (3 + -24)?
12
Calculate (20 - (55 + -28)) + -1 + 2 + -12.
-18
What is the value of -1 - -5 - ((0 - -16) + (-204 - -191))?
1
Evaluate 1 + -6 + 1 + -8 + 31.
19
Evaluate 64 + -48 + (2 + -2 - 2) + 1.
15
What is the value of -17 - ((-7 - -17) + -18)?
-9
20 - (8 + -5) - 15
2
7 - (5 - 3) - (164 + -190)
31
0 + (-8 - -1) + 4
-3
26 - (-2 - -16) - 1
11
What is -14 - (-4 - 18 - -32)?
-24
Calculate 2 + 6 + 14 + -15 + -31 + -8.
-32
What is the value of (-27 - (-5 + -11)) + 27?
16
Calculate -6 - (0 + (1 - (-10 + 1))).
-16
What is -3 + 21 + (2 - 6 - (-10 - -14))?
10
What is the value of 26 + -1 - 19 - 20?
-14
Calculate -42 - (2 + -54) - 16.
-6
Calculate -12 + -1 + -8 + 4 + 6.
-11
What is the value of 19 - (23 - (-11 - -9))?
-6
What is the value of 23 + -12 - ((3 - (-3 - -5)) + 2)?
8
Calculate (-9 - -18 - 18) + 11.
2
-3 - (-14 - -20) - -16 - (0 - -5)
2
Evaluate 2 - (3 + 0 + 5).
-6
-7 - (2 - (-18 - -19))
-8
What is 72 + -59 + (3 - -2) + -2?
16
Evaluate 2 + (4 - (7 - (4 - -2))).
5
Evaluate -2 - (29 - (16 + 1)).
-14
What is -3 - -1 - 3 - ((10 - -5) + -17)?
-3
What is 3 + (0 - (-2 + -3)) + 5?
13
Calculate -53 - (-6 - (8 + 20)).
-19
-3 + (13 - 4) + (4 - -10 - 40)
-20
Calculate 57 - (11 - (-32 + 24)).
38
What is the value of 16 + -13 - -8 - 5?
6
Calculate 60 - (31 - 5) - 39.
-5
What is the value of -14 + (-1 - (-2 + -2) - -3)?
-8
Calculate (4 - (-3 + 0)) + (-62 - -57).
2
Evaluate (-8 + -2 - -4) + -15 + 0 + 8.
-13
What is -7 + (-3 - -2) + (-4 - 2 - -6)?
-8
Calculate (-14 - -51) + -29 - (1 - -20).
-13
Evaluate (-20 - 10) + 35 + (-1 + 2 - -2).
8
((9 - (9 + 1)) + -4 - 1) + 16
10
What is 48 + -73 + 43 + 1 + -16?
3
-31 + 44 - (8 + -4) - (1 + -14)
22
Calculate (10 - 0) + (18 - 12) + (-5 - 0).
11
What is the value of 9 + (-2 - 13) - 3 - (-3 - -8)?
-14
Calculate -9 + (-12 - (-14 + 0)).
-7
What is the value of 19 + -1 - (600 - 582)?
0
What is (-6 - (-3 - -2)) + 9 - 9?
-5
(-25 - (-11 - 8)) + 20
14
What is -56 - -11 - (19 - 77)?
13
Evaluate (-1 - -10) + (-56 - 18 - -52).
-13
What is the value of 22 - (-15 + 9 - -19)?
9
Calculate 17 - (2 - 5 - (-19 + 6)).
7
Calculate -3 + 6 + -3 - ((11 - 2) + 1).
-10
(-13 + -2 + 5 - (6 - 2)) + 3
-11
What is -3 + 4 + -6 - 2?
-7
9 + -5 + -5 - (3 - 13)
9
-4 + (11 - (10 + -4 + -1))
2
Evaluate -14 + (-7 - ((7 - -3) + 0)).
-31
What is -2 + (-1 + 1 - (-28 - -17)) + 7?
16
Calculate -1 - 9 - (93 - 107).
4
Calculate -13 - -12 - 11 - -25 - -7.
20
Calculate -13 - (-2 + (6 - -15)).
-32
What is -2 + (4 - -2) - (-9 - -4 - -4)?
5
(-13 - 0) + (94 - 49) - (11 + -1)
22
8 + (24 - 13 - (-1 - -8) - 13)
-1
Evaluate (2090 - 2083) + 2 + 0 + -1 + 1.
9
Calculate 22 + -1 + (16 + -6 - 6).
25
Calculate (-6 + 1 - 1) + 6 + -1 + 3.
2
Evaluate -2 + 10 + 0 + -11 + 13.
10
Calculate 23 + (-67 - (-74 + 28)).
2
What is the value of 18 - (34 + -19) - (-2 + 13)?
-8
Calculate -58 + 30 + 36 + 3 + -27.
-16
What is the value of 5 - ((5 - -7 - 31) + -9 - -8)?
25
Calculate -24 + -11 + 34 - (3 + -18).
14
Calculate 4 + 18 + -5 - (6 - 0 - 0).
11
What is (31 - (22 + -28)) + -33?
4
Evaluate (-11 - 10 - -3) + (-6 - 0).
-24
What is the value of 6 + -7 + (-3 - 1) - 7?
-12
Evaluate -13 + 1 + (-25 - -55 - 36).
-18
(10 - (18 + -23)) + -20 - (7 + -1)
-11
What is the value of (-29 + 28 - (9 + -1)) + 8?
-1
What is the value of -9 + 0 + -9 + 18 + 7 + -2?
5
Evaluate -11 - -36 - 37 - (1 + 0 - 5).
-8
Evaluate -3 + (13 + 0 - 1).
9
-28 + 32 - (8 - (-3 - -4))
-3
(7 + -1 + -11 - -13) + (4 - 3)
9
-4 - (-2 - (-7 - -4) - (-1 - -3))
-3
Evaluate (-44 - -1) + -212 + 225.
-30
What is 0 - ((-11 - -6) + 11)?
-6
What is the value of (-4 - -4) + -5 + -2 + 10 + -11?
-8
27 + (-10 - 14 - 15)
-12
Calculate (-7 - -6 - -2) + (-2 - -5) - 3.
1
Calculate 3 + (3 - -4) - (3 + -8).
15
What is the value of -3 - (2 - -11 - 8) - 2?
-10
(-15 - -10 - 2) + 0 + (27 - 3)
17
Evaluate (-104 + 33 - -63) + 0 + -19.
-27
What is the value of -3 - (-9 + 18 - (24 + -5) - -6)?
1
Calculate (3 + 3 + 1 - 13) + 13.
7
(-7 - (2 + -9 + 10 - 9)) + -9
-10
What is (-7 - 1) + (7 - -16) + -13?
2
What is the value of -21 - ((16 - 23) + 2)?
-16
6 + (11 - 17) + (5 - 1) - 5
-1
19 + -9 + -5 - (-6 + 20)
-9
1 + 0 + (15 - (-10 + 20))
6
Evaluate -1 - -4 - (19 + -20 - (3 - 8)).
-1
What is -9 + 0 + 0 + -1 + -5 + 3?
-12
Evaluate 105 - 93 - (0 - -25).
-13
Evaluate 27 - ((-3 - (11 - -5)) + 32).
14
Evaluate -24 + 15 - (-4 - (-6 + 1)).
-10
What is 0 + -15 + (4 - -13)?
2
Evaluate 26 - (20 + 26) - (-1 + (-4 - -3)).
-18
Calculate 2 + (9 + -7 - 21) + 11.
-6
What is -4 + -3 + (-10 - -16)?
-1
Calculate 40 - ((-50 - -22) + 105).
-37
Evaluate -4 - (-8 - (-4 + -3) - 9).
6
What is (-12 - 3) + 18 + -11 + (23 - -2)?
17
Calculate 24 - (-4 - -15) - 6.
7
Evaluate -24 - (-3 + (15 - 8 - 6) + -2).
-20
Evaluate 28 + -22 + -25 - 2.
-21
Evaluate 4 + (-7 - -14) - -5.
16
Calculate 202 - 197 - (16 + 1).
-12
Evaluate -4 + 1 + -24 + -6 + 1 + 7.
-25
What is 18 - 8 - 4 - -1 - -5?
12
0 + -25 + -125 + 125 + 8
-17
(1517 - 1519) + (2 - (5 + 0) - -1)
-4
What is -13 - -14 - (-4 + 8 + -2 - -4)?
-5
Calculate -3 + (-9 - (-27 + 36)).
-21
What is (-11 - -3) + -8 + (-4 - -5) + 16?
1
What is the value of -8 + 32 + -41 + -3 + 25?
5
What is the value of -2 + -5 + (32 - 34) + 9?
0
Evaluate 6 - (1 + 35 + 21 + -34).
-17
Calculate -41 - (121 + -117 + (-1 - 6)).
-38
What is the value of 11 + (9 - 14 - 6)?
0
Calculate 7 - (8 + (-11 - (8 + -2 - 6))).
10
2 + -2 + 2 - -3 - 14
-9
What is 13 - 2 - ((10 - 27) + (8 - 19))?
39
Calculate (5 - -9) + -8 + -24.
-18
-14 + -21 + -17 + 30 + -2 + -3
-27
(-2 + (12 - 7) - 21) + 3 - -6
-9
What is (-1 - -12) + (-4 - 4) - (-1 + 1)?
3
What is the value of 16 - (-24 - 3 - -51)?
-8
Evaluate 31 + -3 - (168 + -152).
12
What is 16 + -10 + 9 - 16 - (16 - 1)?
-16
What is -1 - -1 - -4 - (3 + (3 - 0))?
-2
Calculate -3 + (-4 + 16 + -14 + 5 - -7).
7
Evaluate 11 + 2 + (10 + -9 - 6) + -8.
0
Evaluate -8 - (-6 - (4 + -5)).
-3
Evaluate -12 + -22 + 61 - 17.
10
What is the value of 9 - 6 - (-152 + 157)?
-2
Evaluate -4 - (0 + -42) - 27.
11
19 + 1 + (25 - (7 + 22))
16
What is the value of (18 - -18 - 13) + 2 + -3?
22
What is -12 - (-53 - (-26 - -8 - -3))?
26
Evaluate 28 - (72 + -46) - (4 + (1 - 1)).
-2
What is the value of 9 + -1 - (-1093 - -1091)?
10
-5 - (9 + (-40 - (-11 + 1)))
16
Evaluate 1 + -10 - (-14 + -18 + 9).
14
What is the value of -1 - (26 - (-13 + 22))?
-18
3 + (-10 - -2 - -10)
5
Evaluate -13 - (13 + (-20 - 21)).
15
Calculate -3 - 5 - ((4 - -7) + -14).
-5
Evaluate -1 + ((-17 - -7) + 16 - 11).
-6
Calculate 9 + -11 + 13 + -2 + -34 + 6.
-19
Calculate -9 - (11 + -30 + 14).
-4
1 - 15 - (156 + -157)
-13
What is the value of 16 - -4 - 25 - -25?
20
Calculate 5 + (4 - 11 - (-6 - (-2 - -3))).
5
-19 + (17 - (-22 - -34))
-14
-74 + (33 - -21) - (0 + 3)
-23
Evaluate 8 - (0 + 14 + -18 + 6).
6
Calculate 8 - (4 + 6 - 6).
4
Evaluate -3 + -20 + (-1 - 15 - -13) + 9.
-17
Calculate (0 + -3 - (2 - 4)) + 0 + 12.
11
What is the value of 3 + 7 + -1 + 0 + -2 + -4?
3
What is the value of -17 + -1 - (-365 - -335)?
12
What is the value of -4 - 1 - (36 - 10 - 20) - 0?
-11
Calculate 1 - 5 - (15 + -26) - 13.
-6
Evaluate 20 + 5 + -19 - (-1 - -36).
-29
What 